(-27)?
1
Let x = 183 - 175. Suppose -170 = x*a - 13*a. Suppose -402 = -s - 2*s. Calculate the remainder when s is divided by a.
32
Suppose 13904 = 89*x - 73*x. Let d = x - 791. What is the remainder when 245 is divided by d?
11
Let n be 9/(-12)*1 + 51/4. Suppose -n*r = -298 - 914. Suppose -2*m + 3*m = -5*x + r, 4*m = 4*x + 428. What is the remainder when m is divided by 9?
7
Suppose 56 = -11*j + 15*j. Suppose 5 = -j*i + 15*i. Calculate the remainder when 50 is divided by 5/(-3)*(-6)/i - -11.
11
Let u be (728/24)/(1/(-3)). Let x = 190 + u. Suppose 24*f - 19*f + 15 = 0, 4*f - 73 = -5*n. What is the remainder when x is divided by n?
14
Let c(l) = 7*l**2 + l - 4. Suppose -4*p + 32 = 8. Suppose -6 = p*r + 6. Calculate the remainder when 131 is divided by c(r).
21
Let g be ((-5)/3)/((-32)/(-12) + -3). Suppose -9 = -g*c + 11. Calculate the remainder when 46 is divided by c.
2
Let x = 160 - 150. Suppose -x*j = -19*j + 234. Calculate the remainder when j is divided by 22.
4
Suppose 584 = 3*b - 4*a, -780 = -11*b + 7*b + 4*a. Calculate the remainder when (60/16)/(21/b) is divided by 4.
3
Calculate the remainder when 5215*((-2)/22 + (-32)/(-110)) is divided by 6.
5
Let f(z) = 289*z**2 - 31*z + 57. Calculate the remainder when f(2) is divided by 145.
136
Let p be 12*(-2 - (-28)/12). Let a be (-6)/(-12)*(3 + 3 + 1506). Suppose a = 16*s - p*s. Calculate the remainder when s is divided by 16.
15
Calculate the remainder when 9*(-26)/156*(-200)/3 is divided by 13.
9
Suppose 320 = 10*j + 50. Suppose n = b + 12, -8*n + 7*n = 4*b - j. Suppose -4*t + 37 = -n. What is the remainder when 63 is divided by t?
11
Let h(o) = -3*o**2 + 3*o - 5. Let g be h(2). Let s = g - -65. Suppose -12 + s = 6*y. Calculate the remainder when 46 is divided by y.
4
Suppose -1717*n = 2*k - 1722*n - 1210, 0 = 2*n - 16. Calculate the remainder when k is divided by 210.
205
Let r = -339 - -356. Let s(o) be the second derivative of 4*o**3/3 + 3*o**2/2 - 2*o. Calculate the remainder when s(10) is divided by r.
15
Let w(o) = 933*o + 1985. What is the remainder when w(-1) is divided by 1042?
10
Let v = -663 + 714. Let z(j) = 18*j + 14. Let c be z(8). Let w = -59 + c. What is the remainder when w is divided by v?
48
Suppose -4*v = -2*k - 140, -16*v - 2*k = -13*v - 105. Suppose -90 = -0*b - 3*b. Let p = v - b. What is the remainder when p is divided by 4?
1
Calculate the remainder when 5 - 402*(-9 - -8) is divided by 41.
38
Let f = 1281 + -1019. Calculate the remainder when f is divided by 25.
12
Let u = 1329 - -1701. What is the remainder when u is divided by 67?
15
Let p = -2901 - -2954. What is the remainder when 525 is divided by p?
48
Suppose -211*s + 6360 = -158*s. Calculate the remainder when s is divided by 63.
57
Suppose 8 = 4*k, 45 = 5*o - 5*k - 410. Calculate the remainder when 1053 is divided by o.
30
Let h(r) = -5*r + 10. Let t(f) = 6*f - 11. Let a(o) = 3*h(o) + 2*t(o). Let i = -62 - -72. Calculate the remainder when i is divided by a(2).
0
Suppose -h = -3*h - 10. What is the remainder when 29 is divided by -1 - h/((-20)/(-96))?
6
Let w be (13/(52/(-24)))/(-1*2). Suppose 352 = w*a - 71. What is the remainder when a*(-2)/(-6)*(0 - -1) is divided by 6?
5
Let q(y) = 582*y - 2193. What is the remainder when 691 is divided by q(4)?
16
Let m be (9 + -4)*(11 - 0)*3. Let i = m - 122. What is the remainder when i is divided by 12?
7
Let q(p) = 6 - 11*p - 5*p**2 + 11*p**2 - 3*p**2 - 4*p**2. Let z be q(-11). Suppose 22 = z*w - 4*w. Calculate the remainder when 27 is divided by w.
5
Suppose 0 = -140*k + 1924 - 258 + 18494. What is the remainder when k is divided by 22?
12
Let q = 68 - 63. Suppose -9*d + q*d = 40. Calculate the remainder when 168 is divided by (38/(-4))/(5/d).
16
Let m = 53 - -37. Let l = m - -27. What is the remainder when l is divided by 24?
21
Let r = -7 - -63. What is the remainder when 7/63 - 18473/(-117) is divided by r?
46
Let l be (-54016)/14 - (-144)/504. What is the remainder when (57/38)/(-1*9/l) is divided by 38?
35
Calculate the remainder when 1430 is divided by (-381)/1016 - (17/10)/((-4)/15).
2
Let v = 780 - 448. Let i = v - 275. Calculate the remainder when i is divided by 42.
15
Let k(w) = -131*w + 5129. What is the remainder when 2084 is divided by k(39)?
4
Let n(t) = -60*t - 4. Let m be n(7). Let b = -293 - m. Suppose 15*p + 500 = -31*p + 1512. Calculate the remainder when b is divided by p.
21
Let h be (-8)/24*-9*46/3. Let i be 1 - 1 - (0 + 42). Let d = h + i. Calculate the remainder when d is divided by 2.
0
Let j = 11885 + -11870. Calculate the remainder when 4378 is divided by j.
13
Let t be 3/((-5)/(20/(-3))). Suppose 11*s + 26*s - 37 = 0. What is the remainder when 86 is divided by (s/t)/((-3)/(-132))?
9
What is the remainder when 985 is divided by 18/(-96) - (-7515)/144?
49
Let g(o) = -o**3 + 5*o**2 + 14*o + 25. What is the remainder when 456/10 + (-4)/(-10) is divided by g(7)?
21
Let x = -3883 + 3894. Calculate the remainder when 16 is divided by x.
5
Suppose -2*b + 0*b = i - 63, -2*b + 38 = -4*i. Suppose -3*j - 50*c + 53*c = -102, -c = -5*j + 166. What is the remainder when j is divided by b?
4
Let m = 890 + -1310. Let j = m - -503. What is the remainder when j is divided by 48?
35
Suppose 16*u - 16 = 14*u. Suppose 2*o = -8 - u. Let z = 4 - o. Calculate the remainder when 70 is divided by z.
10
Suppose -7*b + 14*b = -7*b. Suppose b = 25*c - 474 - 301. Suppose 0 = -2*z - 3*q + 22, 4*q = -3*z + 8*q + 33. Calculate the remainder when c is divided by z.
9
Suppose -3*m - n + 2464 = 0, -2*m + 3283 = 2*m - n. Let k = -783 + m. What is the remainder when 219 is divided by k?
29
Let n(d) = d**2 + 5*d + 3. Let w(r) = -132*r + 11762. Calculate the remainder when w(89) is divided by n(-6).
5
Suppose 0 = -w - 3*h, 173 = 4*w + h + 118. Calculate the remainder when 40 is divided by w.
10
Suppose 3*l - 120 = -2*l. Suppose -5*p + 6227 - 1472 = 0. Let m = p + -856. Calculate the remainder when m is divided by l.
23
Let n(b) = -2*b**3 + 3*b**2 + 3*b + 537. Calculate the remainder when n(0) is divided by 155.
72
Let r = -5960 - -6710. What is the remainder when r is divided by 15?
0
Let k = -186 - -201. Suppose -4*g - g - k = 0, 2*g + 222 = 3*w. What is the remainder when w is divided by 41?
31
Suppose 15*l + 22 = 17*l. Suppose 320 = -c + l*c. Calculate the remainder when 126 is divided by c.
30
What is the remainder when 358 is divided by (8/(-4)*(-8)/7)/((-300)/(-11550))?
6
Let m(q) = q**3 + 30*q**2 - 62*q + 67. Let v be m(-32). Suppose 4*s - 191 = -h + 51, -v*s + 181 = h. Calculate the remainder when s is divided by 33.
28
Let z = -5648 - -7439. Calculate the remainder when z is divided by 69.
66
Let k(d) = d**2 + 9*d - 20. Let o be k(-11). Let a = -84 + 150. Suppose -4*u = -o*h + a, 12 = 2*u + 2. What is the remainder when 128 is divided by h?
42
Let o(c) = -40*c**2 + 571*c - 103. Calculate the remainder when 210 is divided by o(14).
6
Let h(d) = 13*d**3 - 17*d**2 - 16*d + 10. What is the remainder when h(4) is divided by 172?
162
Suppose -5*h = 4*n - 591 + 248, 0 = 2*n + 5*h - 169. Calculate the remainder when 93 is divided by n.
6
Let i = -238 - -352. Let g = 268 - 245. What is the remainder when i is divided by g?
22
Suppose 0 = -5*u + 56 - 16. Suppose 4*g - u*g + 220 = 0. Let f = 58 + -30. What is the remainder when g is divided by f?
27
Suppose 418*l + 5229 = 34489. What is the remainder when 159 is divided by l?
19
Suppose 9 = 10*x - 11. Suppose 0*m + 66 = 3*m - l, x*l - 44 = -2*m. What is the remainder when m is divided by 4?
2
Suppose -4*v - 2 = u - 6*v, -2*v + 10 = 3*u. Suppose 0 = -z - 3*w + 64, 0 = -11*z + 13*z - u*w - 136. What is the remainder when z is divided by 35?
32
Let p = 32 + -14. Suppose 0 = 82*w - 10927 - 2111. What is the remainder when w is divided by p?
15
Suppose -2*p + 3*g = -2502, -113*p + 114*p - 1258 = -2*g. What is the remainder when p is divided by 155?
14
Suppose 0*g + 4*g = 384. Let r(f) = -16*f - 16. Let n be r(-4). Suppose -5*o + 66 = -z - 8, n = 4*o + 2*z. Calculate the remainder when g is divided by o.
12
Suppose 47*y - 26373 = 4177. What is the remainder when y is divided by 72?
2
Let w(q) = 80*q**2 + 2*q - 1. What is the remainder when w(1) is divided by (-1)/(-18)*12*516/8?
38
Suppose -4*s = -18*s - 32*s + 66194. Calculate 